{"id":946,"date":"2025-10-06T11:59:37","date_gmt":"2025-10-06T09:59:37","guid":{"rendered":"https:\/\/blandinegaly.com\/instrumentos\/violoncel-nicolas-vuillaume-1800\/"},"modified":"2026-04-08T16:58:19","modified_gmt":"2026-04-08T14:58:19","slug":"violoncel-nicolas-vuillaume-1800","status":"publish","type":"portfolio_page","link":"https:\/\/blandinegaly.com\/ca\/instrumentos\/violoncel-nicolas-vuillaume-1800\/","title":{"rendered":"Violoncel Nicolas Vuillaume, 1800"},"content":{"rendered":"\n<p>Violoncel constru\u00eft per Nicolas Vuillaume, destacat luthier franc\u00e8s nascut l\u2019any 1800 a Mirecourt, on va iniciar la seva formaci\u00f3 al costat del seu pare, Claude Fran\u00e7ois. Entre 1832 i 1841 va treballar a Par\u00eds al costat del seu germ\u00e0, el reconegut Jean-Baptiste Vuillaume, abans de tornar a Mirecourt i posteriorment establir el seu propi taller a Brussel\u00b7les. All\u00e0 va guanyar prestigiosos premis i va ser nomenat luthier oficial del Reial Conservatori. Durant la seva estada a Brussel\u00b7les, tamb\u00e9 va fabricar instruments sota els segells \u201cSaint-C\u00e9cile\u201d i \u201cStentor\u201d per al taller familiar.<\/p>\n\n<p>Aquest instrument ha estat <a href=\"https:\/\/blandinegaly.com\/restauracion-del-cello-de-nicolas-vuillaume\/\" data-type=\"link\" data-id=\"https:\/\/blandinegaly.com\/restauracion-del-cello-de-nicolas-vuillaume\/\">curosament restaurat per la lutier Blandine Galy<\/a>, respectant el seu car\u00e0cter original i assegurant la seva plena funcionalitat i riquesa sonora.<\/p>\n\n<p><strong>Actualment, el podeu trobar disponible al nostre taller i podeu venir a provar-lo sense cap comprom\u00eds. Val la pena descobrir-ho.<\/strong><\/p>\n","protected":false},"excerpt":{"rendered":"<p>Violoncel constru\u00eft per Nicolas Vuillaume, destacat luthier franc\u00e8s nascut l\u2019any 1800 a Mirecourt, on va iniciar la seva formaci\u00f3 al costat del seu pare, Claude Fran\u00e7ois. Entre 1832 i 1841 va treballar a Par\u00eds al costat del seu germ\u00e0, el reconegut Jean-Baptiste Vuillaume, abans de&#8230;<\/p>\n","protected":false},"author":2,"featured_media":888,"menu_order":0,"comment_status":"open","ping_status":"closed","template":"","portfolio_category":[37],"portfolio_tag":[],"class_list":["post-946","portfolio_page","type-portfolio_page","status-publish","has-post-thumbnail","hentry","portfolio_category-violoncel"],"_links":{"self":[{"href":"https:\/\/blandinegaly.com\/ca\/wp-json\/wp\/v2\/portfolio_page\/946","targetHints":{"allow":["GET"]}}],"collection":[{"href":"https:\/\/blandinegaly.com\/ca\/wp-json\/wp\/v2\/portfolio_page"}],"about":[{"href":"https:\/\/blandinegaly.com\/ca\/wp-json\/wp\/v2\/types\/portfolio_page"}],"author":[{"embeddable":true,"href":"https:\/\/blandinegaly.com\/ca\/wp-json\/wp\/v2\/users\/2"}],"replies":[{"embeddable":true,"href":"https:\/\/blandinegaly.com\/ca\/wp-json\/wp\/v2\/comments?post=946"}],"wp:featuredmedia":[{"embeddable":true,"href":"https:\/\/blandinegaly.com\/ca\/wp-json\/wp\/v2\/media\/888"}],"wp:attachment":[{"href":"https:\/\/blandinegaly.com\/ca\/wp-json\/wp\/v2\/media?parent=946"}],"wp:term":[{"taxonomy":"portfolio_category","embeddable":true,"href":"https:\/\/blandinegaly.com\/ca\/wp-json\/wp\/v2\/portfolio_category?post=946"},{"taxonomy":"portfolio_tag","embeddable":true,"href":"https:\/\/blandinegaly.com\/ca\/wp-json\/wp\/v2\/portfolio_tag?post=946"}],"curies":[{"name":"wp","href":"https:\/\/api.w.org\/{rel}","templated":true}]}}

<p>Violoncel construït per Nicolas Vuillaume, destacat luthier francès nascut l’any 1800 a Mirecourt, on va iniciar la seva formació al costat del seu pare, Claude François. Entre 1832 i 1841 va treballar a París al costat del seu germà, el reconegut Jean-Baptiste Vuillaume, abans de tornar a Mirecourt i posteriorment establir el seu propi taller a Brussel·les. Allà va guanyar prestigiosos premis i va ser nomenat luthier oficial del Reial Conservatori. Durant la seva estada a Brussel·les, també va fabricar instruments sota els segells “Saint-Cécile” i “Stentor” per al taller familiar.</p>

<p>Aquest instrument ha estat <a href="https://blandinegaly.com/restauracion-del-cello-de-nicolas-vuillaume/" data-type="link" data-id="https://blandinegaly.com/restauracion-del-cello-de-nicolas-vuillaume/">curosament restaurat per la lutier Blandine Galy</a>, respectant el seu caràcter original i assegurant la seva plena funcionalitat i riquesa sonora.</p>

<p><strong>Actualment, el podeu trobar disponible al nostre taller i podeu venir a provar-lo sense cap compromís. Val la pena descobrir-ho.</strong></p>

<p>Violoncel construït per Nicolas Vuillaume, destacat luthier francès nascut l’any 1800 a Mirecourt, on va iniciar la seva formació al costat del seu pare, Claude François. Entre 1832 i 1841 va treballar a París al costat del seu germà, el reconegut Jean-Baptiste Vuillaume, abans de&#8230;</p>
