{"id":933,"date":"2025-10-07T12:08:21","date_gmt":"2025-10-07T10:08:21","guid":{"rendered":"https:\/\/blandinegaly.com\/instrumentos\/violi-vieux-paris-l-guersan\/"},"modified":"2026-04-08T16:56:16","modified_gmt":"2026-04-08T14:56:16","slug":"violi-vieux-paris-l-guersan","status":"publish","type":"portfolio_page","link":"https:\/\/blandinegaly.com\/ca\/instrumentos\/violi-vieux-paris-l-guersan\/","title":{"rendered":"Viol\u00ed \u00abVieux Paris\u00bb L. Guersan"},"content":{"rendered":"\n<p>Preci\u00f3s viol\u00ed franc\u00e8s del segle XVIII, atribu\u00eft a l&#8217;escola de Louis Guersan. La seva sonoritat \u00e9s c\u00e0lida, noble i expressiva, amb gran profunditat. Mida 4\/4.   <\/p>\n\n<p><strong>Venut<\/strong><\/p>\n\n<p><\/p>\n","protected":false},"excerpt":{"rendered":"<p>Preci\u00f3s viol\u00ed franc\u00e8s del segle XVIII, atribu\u00eft a l&#8217;escola de Louis Guersan. La seva sonoritat \u00e9s c\u00e0lida, noble i expressiva, amb gran profunditat. Mida 4\/4. Venut<\/p>\n","protected":false},"author":2,"featured_media":878,"menu_order":0,"comment_status":"open","ping_status":"closed","template":"","portfolio_category":[35],"portfolio_tag":[],"class_list":["post-933","portfolio_page","type-portfolio_page","status-publish","has-post-thumbnail","hentry","portfolio_category-violi"],"_links":{"self":[{"href":"https:\/\/blandinegaly.com\/ca\/wp-json\/wp\/v2\/portfolio_page\/933","targetHints":{"allow":["GET"]}}],"collection":[{"href":"https:\/\/blandinegaly.com\/ca\/wp-json\/wp\/v2\/portfolio_page"}],"about":[{"href":"https:\/\/blandinegaly.com\/ca\/wp-json\/wp\/v2\/types\/portfolio_page"}],"author":[{"embeddable":true,"href":"https:\/\/blandinegaly.com\/ca\/wp-json\/wp\/v2\/users\/2"}],"replies":[{"embeddable":true,"href":"https:\/\/blandinegaly.com\/ca\/wp-json\/wp\/v2\/comments?post=933"}],"wp:featuredmedia":[{"embeddable":true,"href":"https:\/\/blandinegaly.com\/ca\/wp-json\/wp\/v2\/media\/878"}],"wp:attachment":[{"href":"https:\/\/blandinegaly.com\/ca\/wp-json\/wp\/v2\/media?parent=933"}],"wp:term":[{"taxonomy":"portfolio_category","embeddable":true,"href":"https:\/\/blandinegaly.com\/ca\/wp-json\/wp\/v2\/portfolio_category?post=933"},{"taxonomy":"portfolio_tag","embeddable":true,"href":"https:\/\/blandinegaly.com\/ca\/wp-json\/wp\/v2\/portfolio_tag?post=933"}],"curies":[{"name":"wp","href":"https:\/\/api.w.org\/{rel}","templated":true}]}}

Violí «Vieux Paris» L. Guersan

<p>Preciós violí francès del segle XVIII, atribuït a l&#8217;escola de Louis Guersan. La seva sonoritat és càlida, noble i expressiva, amb gran profunditat. Mida 4/4.   </p>

<p><strong>Venut</strong></p>

<p></p>

<p>Preciós violí francès del segle XVIII, atribuït a l&#8217;escola de Louis Guersan. La seva sonoritat és càlida, noble i expressiva, amb gran profunditat. Mida 4/4. Venut</p>
