{"id":848,"date":"2020-03-16T15:18:58","date_gmt":"2020-03-16T14:18:58","guid":{"rendered":"https:\/\/blandinegaly.com\/presentacio\/"},"modified":"2026-03-26T11:41:57","modified_gmt":"2026-03-26T10:41:57","slug":"presentacio","status":"publish","type":"page","link":"https:\/\/blandinegaly.com\/ca\/presentacio\/","title":{"rendered":"Presentaci\u00f3"},"content":{"rendered":"\t\t<div data-elementor-type=\"wp-page\" data-elementor-id=\"848\" class=\"elementor elementor-848 elementor-126\">\n\t\t\t\t\t\t<section class=\"elementor-section elementor-top-section elementor-element elementor-element-dacd0d9 qode_elementor_container_inner elementor-section-boxed elementor-section-height-default elementor-section-height-default parallax_section_no\" data-id=\"dacd0d9\" data-element_type=\"section\" data-e-type=\"section\">\n\t\t\t\t\t\t<div class=\"elementor-container elementor-column-gap-no\">\n\t\t\t\t\t<div class=\"elementor-column elementor-col-100 elementor-top-column elementor-element elementor-element-6eb9431\" data-id=\"6eb9431\" data-element_type=\"column\" data-e-type=\"column\">\n\t\t\t<div class=\"elementor-widget-wrap elementor-element-populated\">\n\t\t\t\t\t\t<div class=\"elementor-element elementor-element-e76b8ca elementor-widget elementor-widget-text-editor\" data-id=\"e76b8ca\" data-element_type=\"widget\" data-e-type=\"widget\" data-widget_type=\"text-editor.default\">\n\t\t\t\t\t\t\t\t\t<h4 style=\"text-align: center;\">Presentaci\u00f3<\/h4>\t\t\t\t\t\t\t\t<\/div>\n\t\t\t\t<div class=\"elementor-element elementor-element-59da8cc elementor-widget elementor-widget-text-editor\" data-id=\"59da8cc\" data-element_type=\"widget\" data-e-type=\"widget\" data-widget_type=\"text-editor.default\">\n\t\t\t\t\t\t\t\t\t<h1 style=\"text-align: center;\">Blandine Galy<\/h1>\t\t\t\t\t\t\t\t<\/div>\n\t\t\t\t\t<\/div>\n\t\t<\/div>\n\t\t\t\t\t<\/div>\n\t\t<\/section>\n\t\t\t\t<section class=\"elementor-section elementor-top-section elementor-element elementor-element-e1ae138 qode_elementor_container_inner elementor-section-boxed elementor-section-height-default elementor-section-height-default parallax_section_no\" data-id=\"e1ae138\" data-element_type=\"section\" data-e-type=\"section\">\n\t\t\t\t\t\t<div class=\"elementor-container elementor-column-gap-no\">\n\t\t\t\t\t<div class=\"elementor-column elementor-col-100 elementor-top-column elementor-element elementor-element-cecdc11\" data-id=\"cecdc11\" data-element_type=\"column\" data-e-type=\"column\">\n\t\t\t<div class=\"elementor-widget-wrap elementor-element-populated\">\n\t\t\t\t\t\t<div class=\"elementor-element elementor-element-6a727b5 elementor-widget elementor-widget-text-editor\" data-id=\"6a727b5\" data-element_type=\"widget\" data-e-type=\"widget\" data-widget_type=\"text-editor.default\">\n\t\t\t\t\t\t\t\t\t<p data-start=\"124\" data-end=\"948\"><strong data-start=\"124\" data-end=\"149\">Blandine Grelier Galy<\/strong>, lutier d&#8217;origen franc\u00e8s, va n\u00e9ixer en una fam\u00edlia profundament marcada per la m\u00fasica i l&#8217;art. Als 8 anys va comen\u00e7ar els seus estudis de viol\u00ed al Conservatori d\u2019Orl\u00e9ans, on aviat va demostrar la seva afinitat tant per la m\u00fasica com pels oficis artesans. Dotada d\u2019o\u00efda absoluta i una capacitat poc comuna per distingir intervals de fins a una coma, va descobrir en la lutieria el mitj\u00e0 ideal per unir t\u00e8cnica, sensibilitat i tradici\u00f3. L&#8217;any 2000, amb 18 anys, va ingressar a l&#8217;Escola Internacional de Lutieria de Mirecourt, ciutat bressol d&#8217;aquesta antiga tradici\u00f3 francesa. Durant la seva formaci\u00f3 va realitzar pr\u00e0ctiques a reconeguts tallers de Mirecourt, Par\u00eds i Orl\u00e9ans, especialitzant-se en la construcci\u00f3 i restauraci\u00f3 d&#8217;instruments. El 2004 va obtenir el Diploma d&#8217;Oficis de l&#8217;Art en Lutieria.     <\/p><p data-start=\"950\" data-end=\"1475\">El 2005 es va traslladar a Madrid, on va treballar al taller de Laurent L\u00f3pez, dedicant-se a la restauraci\u00f3 d&#8217;instruments antics del quartet de corda. All\u00e0 va tenir l&#8217;oportunitat de treballar amb exemplars originals dels grans mestres italians com Stradivari, Guarneri, Amati, Montagnana, Testore, entre d&#8217;altres. Entre les seves experi\u00e8ncies m\u00e9s destacades figura el manteniment del c\u00e8lebre viol\u00ed Stradivarius del mestre Pablo Sarasate, sota la direcci\u00f3 de Laurent L\u00f3pez, pertanyent al Reial Conservatori Superior de M\u00fasica de Madrid.  <\/p><p data-start=\"1477\" data-end=\"2132\">El 2014 va obrir el seu propi taller a Madrid abans de traslladar-se a Sentmenat (Catalunya), on continua exercint el seu ofici amb passi\u00f3 i precisi\u00f3. Actualment at\u00e9n m\u00fasics i estudiants de l\u2019ESMUC, el Liceu, orquestres com la Simf\u00f2nica del Vall\u00e8s i l\u2019OBC, aix\u00ed com conservatoris i instituts de tota Catalunya. A m\u00e9s de fabricar i restaurar violins, violes, violoncels i violes de gamba, es dedica a les tasques de manteniment de contrabaixos, encordat i venda d&#8217;arcs. Blandine integra t\u00e8cniques modernes de diagn\u00f2stic, com la tomografia, a fi de preservar el valor i la integritat dels instruments, consolidant-se com una lutier de confian\u00e7a i alt\u00edssima qualitat.   <\/p>\t\t\t\t\t\t\t\t<\/div>\n\t\t\t\t\t<\/div>\n\t\t<\/div>\n\t\t\t\t\t<\/div>\n\t\t<\/section>\n\t\t\t\t<section class=\"elementor-section elementor-top-section elementor-element elementor-element-e9cdb5c qode_elementor_container_inner elementor-section-boxed elementor-section-height-default elementor-section-height-default parallax_section_no\" data-id=\"e9cdb5c\" data-element_type=\"section\" data-e-type=\"section\">\n\t\t\t\t\t\t<div class=\"elementor-container elementor-column-gap-no\">\n\t\t\t\t\t<div class=\"elementor-column elementor-col-50 elementor-top-column elementor-element elementor-element-8b60e26\" data-id=\"8b60e26\" data-element_type=\"column\" data-e-type=\"column\">\n\t\t\t<div class=\"elementor-widget-wrap elementor-element-populated\">\n\t\t\t\t\t\t<div class=\"elementor-element elementor-element-14dcda9 elementor-widget__width-inherit elementor-widget elementor-widget-image\" data-id=\"14dcda9\" data-element_type=\"widget\" data-e-type=\"widget\" data-widget_type=\"image.default\">\n\t\t\t\t\t\t\t\t\t\t\t\t\t\t\t<img fetchpriority=\"high\" decoding=\"async\" width=\"1024\" height=\"683\" src=\"https:\/\/blandinegaly.com\/wp-content\/uploads\/2025\/09\/taller_blandine_galy_luthier-1024x683.jpg\" class=\"attachment-large size-large wp-image-842\" alt=\"\" srcset=\"https:\/\/blandinegaly.com\/wp-content\/uploads\/2025\/09\/taller_blandine_galy_luthier-1024x683.jpg 1024w, https:\/\/blandinegaly.com\/wp-content\/uploads\/2025\/09\/taller_blandine_galy_luthier-300x200.jpg 300w, https:\/\/blandinegaly.com\/wp-content\/uploads\/2025\/09\/taller_blandine_galy_luthier-768x512.jpg 768w, https:\/\/blandinegaly.com\/wp-content\/uploads\/2025\/09\/taller_blandine_galy_luthier-1536x1024.jpg 1536w, https:\/\/blandinegaly.com\/wp-content\/uploads\/2025\/09\/taller_blandine_galy_luthier-2048x1366.jpg 2048w, https:\/\/blandinegaly.com\/wp-content\/uploads\/2025\/09\/taller_blandine_galy_luthier-700x467.jpg 700w\" sizes=\"(max-width: 1024px) 100vw, 1024px\" \/>\t\t\t\t\t\t\t\t\t\t\t\t\t\t\t<\/div>\n\t\t\t\t\t<\/div>\n\t\t<\/div>\n\t\t\t\t<div class=\"elementor-column elementor-col-50 elementor-top-column elementor-element elementor-element-a9b2477\" data-id=\"a9b2477\" data-element_type=\"column\" data-e-type=\"column\">\n\t\t\t<div class=\"elementor-widget-wrap elementor-element-populated\">\n\t\t\t\t\t\t<div class=\"elementor-element elementor-element-e5bfbf5 elementor-widget elementor-widget-bridge_icon\" data-id=\"e5bfbf5\" data-element_type=\"widget\" data-e-type=\"widget\" data-widget_type=\"bridge_icon.default\">\n\t\t\t\t<div class=\"elementor-widget-container\">\n\t\t\t\t\t<span data-type=\"normal\" data-hover-icon-color=\"#87251A\" class=\"qode_icon_shortcode  q_font_awsome_icon fa-3x pull-left \" style=\" \"><span aria-hidden=\"true\" class=\"qode_icon_font_elegant icon_quotations qode_icon_element\" style=\"color: #87251A;\" ><\/span><\/span>\t\t\t\t<\/div>\n\t\t\t\t<\/div>\n\t\t\t\t<div class=\"elementor-element elementor-element-b9ee55c elementor-widget elementor-widget-text-editor\" data-id=\"b9ee55c\" data-element_type=\"widget\" data-e-type=\"widget\" data-widget_type=\"text-editor.default\">\n\t\t\t\t\t\t\t\t\t<h4>Busco la perfecci\u00f3 en el meu treball, prenent el temps necessari i treballant segons la tradici\u00f3 de les escoles franceses i italianes.<\/h4>\t\t\t\t\t\t\t\t<\/div>\n\t\t\t\t<div class=\"elementor-element elementor-element-a9cc21c elementor-widget elementor-widget-text-editor\" data-id=\"a9cc21c\" data-element_type=\"widget\" data-e-type=\"widget\" data-widget_type=\"text-editor.default\">\n\t\t\t\t\t\t\t\t\t<h5>Blandine Galy<\/h5>\t\t\t\t\t\t\t\t<\/div>\n\t\t\t\t\t<\/div>\n\t\t<\/div>\n\t\t\t\t\t<\/div>\n\t\t<\/section>\n\t\t\t\t<\/div>\n\t\t","protected":false},"excerpt":{"rendered":"<p>Presentaci\u00f3 Blandine Galy Blandine Grelier Galy, lutier d&#8217;origen franc\u00e8s, va n\u00e9ixer en una fam\u00edlia profundament marcada per la m\u00fasica i l&#8217;art. Als 8 anys va comen\u00e7ar els seus estudis de viol\u00ed al Conservatori d\u2019Orl\u00e9ans, on aviat va demostrar la seva afinitat tant per la m\u00fasica&#8230;<\/p>\n","protected":false},"author":2,"featured_media":0,"parent":0,"menu_order":0,"comment_status":"closed","ping_status":"closed","template":"full_width.php","meta":{"footnotes":""},"class_list":["post-848","page","type-page","status-publish","hentry"],"_links":{"self":[{"href":"https:\/\/blandinegaly.com\/ca\/wp-json\/wp\/v2\/pages\/848","targetHints":{"allow":["GET"]}}],"collection":[{"href":"https:\/\/blandinegaly.com\/ca\/wp-json\/wp\/v2\/pages"}],"about":[{"href":"https:\/\/blandinegaly.com\/ca\/wp-json\/wp\/v2\/types\/page"}],"author":[{"embeddable":true,"href":"https:\/\/blandinegaly.com\/ca\/wp-json\/wp\/v2\/users\/2"}],"replies":[{"embeddable":true,"href":"https:\/\/blandinegaly.com\/ca\/wp-json\/wp\/v2\/comments?post=848"}],"version-history":[{"count":5,"href":"https:\/\/blandinegaly.com\/ca\/wp-json\/wp\/v2\/pages\/848\/revisions"}],"predecessor-version":[{"id":897,"href":"https:\/\/blandinegaly.com\/ca\/wp-json\/wp\/v2\/pages\/848\/revisions\/897"}],"wp:attachment":[{"href":"https:\/\/blandinegaly.com\/ca\/wp-json\/wp\/v2\/media?parent=848"}],"curies":[{"name":"wp","href":"https:\/\/api.w.org\/{rel}","templated":true}]}}

Presentació

<div data-elementor-type="wp-page" data-elementor-id="848" class="elementor elementor-848 elementor-126">
						<section class="elementor-section elementor-top-section elementor-element elementor-element-dacd0d9 qode_elementor_container_inner elementor-section-boxed elementor-section-height-default elementor-section-height-default parallax_section_no" data-id="dacd0d9" data-element_type="section" data-e-type="section">
						<div class="elementor-container elementor-column-gap-no">
					<div class="elementor-column elementor-col-100 elementor-top-column elementor-element elementor-element-6eb9431" data-id="6eb9431" data-element_type="column" data-e-type="column">
			<div class="elementor-widget-wrap elementor-element-populated">
						<div class="elementor-element elementor-element-e76b8ca elementor-widget elementor-widget-text-editor" data-id="e76b8ca" data-element_type="widget" data-e-type="widget" data-widget_type="text-editor.default">
									<h4 style="text-align: center;">Presentació</h4>								</div>
				<div class="elementor-element elementor-element-59da8cc elementor-widget elementor-widget-text-editor" data-id="59da8cc" data-element_type="widget" data-e-type="widget" data-widget_type="text-editor.default">
									<h1 style="text-align: center;">Blandine Galy</h1>								</div>
					</div>
		</div>
					</div>
		</section>
				<section class="elementor-section elementor-top-section elementor-element elementor-element-e1ae138 qode_elementor_container_inner elementor-section-boxed elementor-section-height-default elementor-section-height-default parallax_section_no" data-id="e1ae138" data-element_type="section" data-e-type="section">
						<div class="elementor-container elementor-column-gap-no">
					<div class="elementor-column elementor-col-100 elementor-top-column elementor-element elementor-element-cecdc11" data-id="cecdc11" data-element_type="column" data-e-type="column">
			<div class="elementor-widget-wrap elementor-element-populated">
						<div class="elementor-element elementor-element-6a727b5 elementor-widget elementor-widget-text-editor" data-id="6a727b5" data-element_type="widget" data-e-type="widget" data-widget_type="text-editor.default">
									<p data-start="124" data-end="948"><strong data-start="124" data-end="149">Blandine Grelier Galy</strong>, lutier d&#8217;origen francès, va néixer en una família profundament marcada per la música i l&#8217;art. Als 8 anys va començar els seus estudis de violí al Conservatori d’Orléans, on aviat va demostrar la seva afinitat tant per la música com pels oficis artesans. Dotada d’oïda absoluta i una capacitat poc comuna per distingir intervals de fins a una coma, va descobrir en la lutieria el mitjà ideal per unir tècnica, sensibilitat i tradició. L&#8217;any 2000, amb 18 anys, va ingressar a l&#8217;Escola Internacional de Lutieria de Mirecourt, ciutat bressol d&#8217;aquesta antiga tradició francesa. Durant la seva formació va realitzar pràctiques a reconeguts tallers de Mirecourt, París i Orléans, especialitzant-se en la construcció i restauració d&#8217;instruments. El 2004 va obtenir el Diploma d&#8217;Oficis de l&#8217;Art en Lutieria.     </p><p data-start="950" data-end="1475">El 2005 es va traslladar a Madrid, on va treballar al taller de Laurent López, dedicant-se a la restauració d&#8217;instruments antics del quartet de corda. Allà va tenir l&#8217;oportunitat de treballar amb exemplars originals dels grans mestres italians com Stradivari, Guarneri, Amati, Montagnana, Testore, entre d&#8217;altres. Entre les seves experiències més destacades figura el manteniment del cèlebre violí Stradivarius del mestre Pablo Sarasate, sota la direcció de Laurent López, pertanyent al Reial Conservatori Superior de Música de Madrid.  </p><p data-start="1477" data-end="2132">El 2014 va obrir el seu propi taller a Madrid abans de traslladar-se a Sentmenat (Catalunya), on continua exercint el seu ofici amb passió i precisió. Actualment atén músics i estudiants de l’ESMUC, el Liceu, orquestres com la Simfònica del Vallès i l’OBC, així com conservatoris i instituts de tota Catalunya. A més de fabricar i restaurar violins, violes, violoncels i violes de gamba, es dedica a les tasques de manteniment de contrabaixos, encordat i venda d&#8217;arcs. Blandine integra tècniques modernes de diagnòstic, com la tomografia, a fi de preservar el valor i la integritat dels instruments, consolidant-se com una lutier de confiança i altíssima qualitat.   </p>								</div>
					</div>
		</div>
					</div>
		</section>
				<section class="elementor-section elementor-top-section elementor-element elementor-element-e9cdb5c qode_elementor_container_inner elementor-section-boxed elementor-section-height-default elementor-section-height-default parallax_section_no" data-id="e9cdb5c" data-element_type="section" data-e-type="section">
						<div class="elementor-container elementor-column-gap-no">
					<div class="elementor-column elementor-col-50 elementor-top-column elementor-element elementor-element-8b60e26" data-id="8b60e26" data-element_type="column" data-e-type="column">
			<div class="elementor-widget-wrap elementor-element-populated">
						<div class="elementor-element elementor-element-14dcda9 elementor-widget__width-inherit elementor-widget elementor-widget-image" data-id="14dcda9" data-element_type="widget" data-e-type="widget" data-widget_type="image.default">
															<img fetchpriority="high" decoding="async" width="1024" height="683" src="https://blandinegaly.com/wp-content/uploads/2025/09/taller_blandine_galy_luthier-1024x683.jpg" class="attachment-large size-large wp-image-842" alt="" srcset="https://blandinegaly.com/wp-content/uploads/2025/09/taller_blandine_galy_luthier-1024x683.jpg 1024w, https://blandinegaly.com/wp-content/uploads/2025/09/taller_blandine_galy_luthier-300x200.jpg 300w, https://blandinegaly.com/wp-content/uploads/2025/09/taller_blandine_galy_luthier-768x512.jpg 768w, https://blandinegaly.com/wp-content/uploads/2025/09/taller_blandine_galy_luthier-1536x1024.jpg 1536w, https://blandinegaly.com/wp-content/uploads/2025/09/taller_blandine_galy_luthier-2048x1366.jpg 2048w, https://blandinegaly.com/wp-content/uploads/2025/09/taller_blandine_galy_luthier-700x467.jpg 700w" sizes="(max-width: 1024px) 100vw, 1024px" />															</div>
					</div>
		</div>
				<div class="elementor-column elementor-col-50 elementor-top-column elementor-element elementor-element-a9b2477" data-id="a9b2477" data-element_type="column" data-e-type="column">
			<div class="elementor-widget-wrap elementor-element-populated">
						<div class="elementor-element elementor-element-e5bfbf5 elementor-widget elementor-widget-bridge_icon" data-id="e5bfbf5" data-element_type="widget" data-e-type="widget" data-widget_type="bridge_icon.default">
				<div class="elementor-widget-container">
					<span data-type="normal" data-hover-icon-color="#87251A" class="qode_icon_shortcode  q_font_awsome_icon fa-3x pull-left " style=" "><span aria-hidden="true" class="qode_icon_font_elegant icon_quotations qode_icon_element" style="color: #87251A;" ></span></span>				</div>
				</div>
				<div class="elementor-element elementor-element-b9ee55c elementor-widget elementor-widget-text-editor" data-id="b9ee55c" data-element_type="widget" data-e-type="widget" data-widget_type="text-editor.default">
									<h4>Busco la perfecció en el meu treball, prenent el temps necessari i treballant segons la tradició de les escoles franceses i italianes.</h4>								</div>
				<div class="elementor-element elementor-element-a9cc21c elementor-widget elementor-widget-text-editor" data-id="a9cc21c" data-element_type="widget" data-e-type="widget" data-widget_type="text-editor.default">
									<h5>Blandine Galy</h5>								</div>
					</div>
		</div>
					</div>
		</section>
				</div>

<p>Presentació Blandine Galy Blandine Grelier Galy, lutier d&#8217;origen francès, va néixer en una família profundament marcada per la música i l&#8217;art. Als 8 anys va començar els seus estudis de violí al Conservatori d’Orléans, on aviat va demostrar la seva afinitat tant per la música&#8230;</p>
